ite number?
True
Is 742360447 a composite number?
False
Is 33672800053 composite?
True
Is 41025804899 composite?
True
Is 68988147973 prime?
True
Is 4106018299 prime?
False
Is 277610005 composite?
True
Is 1350670301 prime?
True
Is 534625943 a composite number?
True
Is 73345659449 composite?
True
Is 72544538087 composite?
True
Is 35506904743 a prime number?
False
Is 1772432551 a prime number?
True
Is 1055758063 prime?
True
Is 20931967997 a composite number?
True
Is 22631938079 prime?
True
Is 2426204413 a composite number?
True
Is 2249507101 a composite number?
True
Is 39016761223 a composite number?
True
Is 25472359933 a prime number?
True
Is 468593261 prime?
False
Is 31610903 composite?
True
Is 8958900647 composite?
True
Is 86316423 prime?
False
Is 15790986307 a prime number?
True
Is 3209810761 composite?
True
Is 225718609 a composite number?
True
Is 2650904747 a prime number?
False
Is 620576207 prime?
True
Is 61645722071 prime?
True
Is 3822469733 prime?
True
Is 11809399247 a composite number?
True
Is 3594262207 composite?
False
Is 19060620673 a prime number?
False
Is 16291044821 a composite number?
False
Is 6885131177 prime?
True
Is 2306115341 a composite number?
False
Is 15810206219 a prime number?
False
Is 36652423 a composite number?
True
Is 13138634969 a composite number?
True
Is 42641639 a prime number?
True
Is 561391487 composite?
False
Is 114107668187 a prime number?
True
Is 1593248149 a composite number?
False
Is 12235554983 a composite number?
False
Is 17578373203 a prime number?
False
Is 5860685551 composite?
True
Is 850073639 prime?
True
Is 13077352193 prime?
True
Is 770594431 a composite number?
False
Is 2395062997 composite?
False
Is 17518962401 prime?
False
Is 579901781 a composite number?
False
Is 3913908979 a prime number?
False
Is 788045891 prime?
True
Is 167683687 composite?
True
Is 39019733 composite?
False
Is 237925529 prime?
False
Is 7660227067 composite?
True
Is 12872170429 prime?
True
Is 667174576421 a prime number?
True
Is 5832072583 composite?
True
Is 88657463269 prime?
True
Is 12960191 a prime number?
True
Is 10277676343 a composite number?
True
Is 6876474701 a prime number?
True
Is 10314549403 prime?
True
Is 96949897721 a composite number?
False
Is 2798438743 prime?
False
Is 5968602533 a prime number?
False
Is 7298572711 a composite number?
False
Is 221550391 prime?
True
Is 20943282043 a composite number?
False
Is 56706534787 composite?
True
Is 527006191 prime?
True
Is 43845766583 a composite number?
False
Is 59932085639 prime?
False
Is 155375403035 a prime number?
False
Is 96317097297 a prime number?
False
Is 327027707 composite?
True
Is 940359841 a composite number?
True
Is 1180865227 composite?
False
Is 283588379 a prime number?
False
Is 1111159069 a prime number?
False
Is 635607103 composite?
True
Is 572714839 a prime number?
False
Is 596526959 a prime number?
False
Is 320481437 composite?
False
Is 8633376569 composite?
True
Is 70774441807 composite?
False
Is 1286506597 a prime number?
False
Is 6790281803 a composite number?
True
Is 2801220403 a composite number?
True
Is 56394739703 composite?
False
Is 5676717539 a composite number?
False
Is 26705157797 composite?
False
Is 11532497309 prime?
False
Is 765473969 prime?
False
Is 7019093747 composite?
True
Is 690427541 a composite number?
False
Is 40092856373 composite?
True
Is 2838548923 composite?
True
Is 4346378539 prime?
True
Is 192574757 composite?
True
Is 536293423 composite?
False
Is 1254024269 prime?
True
Is 32934965711 prime?
False
Is 4961785753 a composite number?
True
Is 1929637033 composite?
False
Is 101732058607 prime?
False
Is 6672447311 composite?
False
Is 65251065706 a composite number?
True
Is 90541868259 a composite number?
True
Is 8353097833 a prime number?
True
Is 131902862057 composite?
True
Is 6272083039 a composite number?
False
Is 8243610933 composite?
True
Is 513291349 a composite number?
False
Is 257020831 a prime number?
True
Is 216082805581 a composite number?
True
Is 25960398833 prime?
True
Is 60129686371 a prime number?
True
Is 1256019251 a composite number?
False
Is 87879721073 a composite number?
True
Is 2516228809 prime?
False
Is 43457572771 a composite number?
True
Is 1231940783 a prime number?
True
Is 132924774959 composite?
True
Is 3549875657 a composite number?
False
Is 17104211623 a prime number?
False
Is 12403369523 prime?
True
Is 780445249 a composite number?
True
Is 86003303 a composite number?
False
Is 884301051 a prime number?
False
Is 1161845831 a composite number?
True
Is 33151968449 prime?
True
Is 3237702379 prime?
True
Is 410576477 prime?
True
Is 454407865 a prime number?
False
Is 10642318249 prime?
False
Is 886390469 a prime number?
True
Is 444781599 prime?
False
Is 5558589493 composite?
False
Is 1707067931 a composite number?
False
Is 384427013 composite?
True
Is 1080127973 prime?
False
Is 748095721 a prime number?
False
Is 12683074949 a prime number?
True
Is 846233709 a prime number?
False
Is 1429302073 a composite number?
True
Is 6913129558 prime?
False
Is 2116629247 a prime number?
True
Is 1305582307 prime?
True
Is 13558184485 prime?
False
Is 6577892903 a prime number?
False
Is 2127160579 prime?
True
Is 7934103899 a prime number?
False
Is 2163743035 prime?
False
Is 8230135519 composite?
False
Is 6498780577 a prime number?
False
Is 37171157722 a composite number?
True
Is 478499279 a composite number?
True
Is 152090899 composite?
True
Is 20304397 composite?
True
Is 17885002 a prime number?
False
Is 24802967297 a composite number?
False
Is 188365471 a prime number?
False
Is 1844132813 a prime number?
True
Is 1083993769 prime?
True
Is 8426503367 composite?
True
Is 500670787 a prime number?
True
Is 225777623 prime?
True
Is 5304906269 a prime number?
False
Is 8771914721 a composite number?
True
Is 136292083 a prime number?
False
Is 49524589221 composite?
True
Is 3424899529 composite?
False
Is 21266249 composite?
True
Is 409683539 prime?
True
Is 17225329829 composite?
False
Is 23852810207 a composite number?
True
Is 22107488687 prime?
False
Is 8990803 a prime number?
True
Is 47917043263 a composite number?
True
Is 14140262113 composite?
False
Is 4208505179 a prime number?
False
Is 5375480101 composite?
False
Is 605988961 a prime number?
False
Is 57099679787 a prime number?
True
Is 450471821 composite?
True
Is 4729164641 composite?
False
Is 15972815857 composite?
True
Is 10270438349 a prime number?
True
Is 430856609 a composite number?
False
Is 34595983 composite?
True
Is 643168819 composite?
True
Is 696187357 composite?
True
Is 48450667 a composite number?
True
Is 208369199 a prime number?
False
Is 215660213 prime?
False
Is 188903267689 composite?
True
Is 651596497 composite?
True
Is 4066928317 a prime number?
False
Is 1132596691 a composite number?
False
Is 68952449 a prime number?
True
Is 1023286793 a prime number?
True
Is 257665231 composite?
True
Is 298700363981 prime?
False
Is 106433087749 a composite number?
False
Is 10317989399 composite?
True
Is 841390013 prime?
True
Is 1457165551 composite?
False
Is 3629697913 a composite number?
True
Is 25870687189 composite?
False
Is 19334366299 a prime number?
False
Is 688014079 a prime number?
True
Is 822174242 composite?
True
Is 23708911067 a prime number?
False
Is 23745101069 a prime number?
True
Is 2267148187 a prime number?
False
Is 49347127 a prime number?
False
Is 881460337 a composite number?
False
Is 5371295539 a prime number?
False
Is 1070599069 a prime number?
True
Is 1674792223 prime?
False
Is 6285583879 prime?
True
Is 6560744583 prime?
False
Is 14360123209 a prime number?
False
Is 169559551151 a composite number?
False
Is 50260736329 a composite number?
False
Is 17986899869 composite?
False
Is 1110915559 composite?
True
Is 234076159 a composite number?
False
Is 243164261797 prime?
True
Is 78904481 composite?
False
Is 1505090623 a composite number?
True
Is 771881573 composite?
True
Is 5334815879 a composite number?
False
Is 4135255715 a composite number?
True
Is 21047871337 a composite number?
True
Is 646803563 composite?
True
Is 202870569743 prime?
True
Is 775337461 prime?
True
Is 35343028337 a composite number?
True
Is 9071254459 a composite number?
False
Is 1403929099 composite?
False
Is 1979254517 a composite number?
False
Is 5262073589 composite?
False
Is 